-39. What is the greatest common divisor of w and q?
25
Let h be 66 + -18 + 63/(-9). Calculate the greatest common divisor of 5207 and h.
41
Let w(f) = -f - 33. Let n be w(0). Suppose 19*c = 16*c - 129. Let s = n - c. Calculate the greatest common factor of s and 1.
1
Let k(c) = -c**3 - 89*c**2 - 126*c + 35. Let t be k(-88). Calculate the highest common factor of t and 31.
31
Let j be -5 + 8 - (-47 + -40). Suppose -5*f + t + 88 = 0, 5*t + 32 = -4*f + 114. What is the highest common factor of f and j?
18
Suppose 0 = m - 4*u + 2 - 36, -2 = -u. Let v be (12/14)/((-162)/m - -4). Calculate the highest common divisor of 66 and v.
6
Let o be -34*(3*(-7)/1)/2. Suppose 0 = 47*w - 724 - 263. Calculate the greatest common divisor of o and w.
21
Let j(h) = -7*h**3 - 2*h**2 + 1. Let b be j(1). Let v(c) = -c**3 - 9*c**2 - 12*c - 16. Let u be v(b). Calculate the greatest common divisor of u and 304.
16
Suppose 32*v - 492 = 26*v + 2*x, 156 = 2*v - 2*x. Let z(g) = g**2 + 24. Let n be z(0). What is the highest common factor of n and v?
12
Let u(q) = -845*q - 655. Let w be u(-4). What is the highest common factor of 25 and w?
25
Let a be 506 + -2 + (-18)/9. Let v = a - 479. Let h(c) = c**3 - 2*c**2 + 7*c - 2. Let z be h(6). Calculate the highest common divisor of z and v.
23
Let a be 1 + (-1)/((7 - 8)*3/6801). Calculate the greatest common divisor of 28 and a.
28
Let n be ((-48)/10)/((-161)/35 - -4). Calculate the highest common divisor of n and 292.
4
Suppose 2*z = 1 + 5. Let h = 863 - 860. Let d be 10 - -8*h/(-6). Calculate the highest common factor of z and d.
3
Let o be ((-224)/24 - -10)*87/2. Suppose 43 = 4*u - o. Calculate the greatest common factor of u and 63.
9
Let r(l) = -l**3 - l**2 + l + 196. Let c = 34 + -34. Let d be r(c). Let j be d/12 + 0 - (-2)/(-6). Calculate the greatest common divisor of 24 and j.
8
Suppose 0 = 4*k + 5*w - 298, -2*k + 4*k + 2*w - 150 = 0. Suppose n - 3*j - k = 0, j + j + 338 = 4*n. What is the greatest common factor of 2 and n?
2
Let g(w) = -16*w + 15. Let p = 83 + -86. Let m be g(p). Calculate the highest common divisor of m and 28.
7
Suppose -84 = -5*o - 14. Let k(i) = -30*i + 9. Let q be k(-8). Let j = -123 + q. What is the highest common divisor of o and j?
14
Suppose 32 = -21*t - 220. Let a be t/30 - 5886/(-15). Calculate the highest common factor of a and 49.
49
Let s(z) = -2*z**2 - 50*z - 42. Let g be s(-22). Suppose 0 = -3*c + 12, -21*n = -23*n + 5*c + g. Calculate the greatest common factor of n and 5.
5
Let m(n) = -13*n - 4. Let f be m(-2). Suppose f = -11*g + 462. What is the greatest common factor of g and 70?
10
Let h = 265 - 265. Suppose h = -107*x + 106*x + 259. Calculate the greatest common divisor of x and 37.
37
Let w be 14235/91 + (-9)/21. Suppose -3*r - 4*c + w = 0, -3*r + 8*r - c = 283. Calculate the greatest common factor of r and 224.
56
Let y(d) = d**3 + 6*d**2 - 28*d - 14. Let v be y(6). Let h = 318 - v. What is the highest common divisor of h and 8?
4
Let p = 87 + -185. Let j = -35 - p. Calculate the highest common divisor of 14 and j.
7
Suppose 27 = 2*y + 4*v - 11, -5*y = -v - 62. What is the highest common factor of 8203 and y?
13
Let b = -19 + -16. Let r = -29 - b. Suppose j - 3*g = 37, j - 2*g - 16 = -r*g. Calculate the greatest common divisor of j and 14.
14
Let q be ((-30)/6 + -2)/((-1)/1). Let s = -5 + q. Suppose 0 = 3*w + 2*j - 102, -5*w + s*j - 32 = -202. Calculate the highest common divisor of w and 102.
34
Let i be (3255/70)/(6/20). Let b be 4/(-6)*(-28 + -11). Let v be b/117 + (-277)/(-9). What is the highest common divisor of v and i?
31
Let i be (30/8)/(-17*(-9)/30600). What is the greatest common divisor of 270 and i?
30
Let y = -27 - -65. Let p(f) = -3*f**3 + 14*f**2 + 32*f + 28. Let m be p(6). Calculate the greatest common factor of y and m.
38
Suppose -2*d - 5 = -d, 0 = 8*i - 5*d - 305. Suppose -3*q - 1595 = -2*w, -278 = 5*w + q - 4308. Calculate the highest common divisor of i and w.
35
Suppose 3*b - 32*d = -27*d + 32150, -d = 4*b - 42882. What is the greatest common divisor of b and 40?
40
Suppose -3198 = 39*h - 12558. What is the highest common factor of 60 and h?
60
Let x be (6 + 17 - 24)/((-2)/128). What is the greatest common divisor of 16 and x?
16
Suppose -5*c + 3517 = 3*c + 1221. Calculate the highest common factor of 328 and c.
41
Suppose -3*n - 12*n + 25202 + 152788 = 0. What is the greatest common factor of n and 34?
34
Suppose 3*m - 7 = 5. Let g be 1/1*m - -30. Let a be 4/g + 29360/136. Calculate the greatest common factor of 27 and a.
27
Let f = -61 + 64. Let w(c) = 2*c**2 - 4*c**2 + 1 + 6*c**2 - f*c + c**2. Let y be w(2). What is the highest common factor of y and 15?
15
Let u(f) = 3*f**2 - 94*f + 347. Let c be u(29). What is the highest common divisor of 387 and c?
9
Suppose -3*s - 4*a + 5 = -10, -1 = 2*s - a. Suppose -5*q + 128 = -122. Let p = q - 42. Calculate the greatest common factor of s and p.
1
Suppose 504 = 10*t + 154. Suppose -t*p = -36*p + 9. Suppose 2*s - 3*i = i + 32, 0 = 5*s + 5*i - 5. What is the highest common divisor of p and s?
3
Let p = 191 - 135. Let x = 7542 - 7388. Calculate the greatest common factor of x and p.
14
Let b be (-17)/(2754/72) + (-224)/(-18). Calculate the highest common factor of 8868 and b.
12
Suppose 115 = 5*f - 3*j, 68 = -f + 4*f - 2*j. Suppose -a + f = a. Calculate the greatest common divisor of 481 and a.
13
Let r(b) = -69*b**3 - 5*b**2 - 29*b - 40. Let z be r(-2). Calculate the greatest common divisor of 33 and z.
11
Let v(j) = -j**3 - 100*j**2 + 638*j + 244. Let x be v(-106). Calculate the highest common divisor of 5168 and x.
16
Suppose 4*f - 1456 = -5*h, -4*h + 476 = f + 101. Let v = -327 + f. Suppose b = 3*b - 16. What is the greatest common divisor of v and b?
8
Suppose 0 = 5*p + 4*b - 39, -2 = -8*b + 6*b. Let y = p - -17. What is the highest common factor of 24 and y?
24
Suppose -315*h = 59*h - 163579 + 17345. Calculate the highest common divisor of h and 136.
17
Suppose -2*y + 53*y - 6936 = -1020. What is the highest common factor of y and 10034?
58
Let u = -16030 - -19390. Calculate the greatest common factor of 630 and u.
210
Suppose 104*g - r = 102*g + 349, 170 = g + 4*r. Calculate the highest common divisor of 54 and g.
6
Let k = -17 - -19. Let m be (-3)/k + 594/36. Calculate the greatest common factor of 20 and m.
5
Let v be 4 + 6 - (-7 + 2). Let f be 5942/v - (-98)/(-735). What is the greatest common divisor of 36 and f?
36
Let h be (-8)/2*3/(-6) + 22. Suppose -6*b + 96 = -h. Let d = -276 - -476. Calculate the greatest common divisor of d and b.
20
Let f(k) = -6*k + 14. Let a be f(2). Suppose -264 = a*m - 3*g, 641 = -5*m + 3*g - 5*g. Let d = m + 130. What is the greatest common divisor of 13 and d?
1
Let w be (10960/(-6))/1*(-391 - -388). What is the highest common factor of 20 and w?
20
Suppose 3*o - 1 = -13. Let d be 0/(o/(-12)*(-6)/2). Suppose 32 = 2*h + 2*c, -5*h + 3*h - 3*c + 32 = d. What is the highest common factor of h and 1?
1
Suppose 22*i = -3*i + 25. Let y(q) = q**3 - 7*q**2 - 11*q + 25. Let x be y(8). Calculate the highest common factor of x and i.
1
Let c(g) = 82*g**2 + 2*g - 1. Let t be c(-2). Suppose -t + 1478 = 5*a. Let f = -1981545 - -1981566. What is the greatest common factor of a and f?
21
Suppose 0 = -6*h + 3*h + 4*g + 29, -h + 5*g = -28. Let d be h/((-9)/(-22))*(-99)/(-22). Calculate the greatest common factor of 9 and d.
3
Suppose -14*m + 466 = 6*j - 4*j, 4*m - 631 = -3*j. Calculate the greatest common divisor of 2419 and j.
41
Suppose 5*b = 25, -4*x + 3*b + 6 = 5*b. Let m be (-12 - -13) + -1 + x. Let d be 3 - (4 - 405) - (-4)/m. What is the highest common factor of 40 and d?
40
Let c be (-372)/(-90) + (-20)/225*3/2. Let k(o) = -o + 2. Let p be k(0). Let w be p + 0 + (2 - -4). What is the greatest common factor of w and c?
4
Suppose -4*b + 3 + 5 = -4*d, -4*d + 4 = 2*b. Let y be (b + 416/(-28))*-7. What is the highest common divisor of y and 60?
30
Suppose -4*w + 34 + 32 = -3*k, 0 = w - 5*k - 8. Let a(r) = -208 + 4 + 102559*r - 102502*r. Let d be a(5). Calculate the highest common factor of w and d.
9
Let d be (0 + -1)/(2/(-168)). Let z(n) = n**3 - 6*n**2 - 5*n + 25. Let b be z(6). Let t be b/(-10)*(-280)/(-5). Calculate the highest common factor of d and t.
28
Let p(t) = 5*t - 31. Let